 - 19) + 9 - (-12 + 1).
7
Calculate (4 - (7 + -30)) + -37.
-10
What is the value of (0 + 2 - 8) + 3 + 7 + -17?
-13
What is the value of -14 + 29 + (10 + -24 - -3)?
4
19 + (-48 - -26) + (0 - -6)
3
Evaluate 0 - ((-2 - -3) + 12 + -1).
-12
Evaluate -4 + (-7 - -4) - -3 - -2.
-2
-8 + 11 + -4 + -10
-11
Calculate (264 - 253) + (-2 - (-1 + 1)).
9
(17 - 33) + 27 + 3 + -12
2
What is 4 - (23 + 3 - (-6 - -12))?
-16
Evaluate -1 + 1 + 0 + -2 + 0.
-2
Evaluate -12 - (0 - -2) - (-2122 + 2128).
-20
Calculate -4 - (2 - (1 - -3)) - (9 + -12).
1
71 - (30 + -19 + 27)
33
Calculate 1 + -1 + (1 - 2) + -2.
-3
What is the value of (2 - -1) + -42 + 46 + -6 + 1?
2
What is 4 + -2 + (3 - 3) - 7?
-5
What is the value of -9 + (3 - (-34 - (3 + -6 - 4)))?
21
18 - (10 + (-34 - -21))
21
(112 - 99) + (-41 - -4) + 2
-22
Evaluate 12 - (9 + -21 - (-54 - 4)).
-34
What is 16 - (12 + (-15 - -7))?
12
What is 1 + 28 + 90 + -77 + -15?
27
Calculate -147 - -148 - (13 - (-1 - -1)).
-12
(10 - 17 - -10) + 1 + 1 + -12
-7
What is -229 + 214 + (0 - -14)?
-1
What is the value of -9 - -6 - (29 + 2)?
-34
13 + (-3 + 5 - 11) - (-29 + 0)
33
Calculate -1 + 24 - (982 + -960).
1
Evaluate 4 + -9 + (11 - (3 - 2 - 2)).
7
What is the value of (8 - (-9 - -19 - 7)) + -6 + 1?
0
Evaluate -11 - (-11 - -13 - 0).
-13
(5 + 0 - -8) + -23
-10
Calculate (1 - -10) + (11 + 5 - 14) - -4.
17
What is the value of 4 + -12 + 6 - -2 - -5?
5
16 + -10 + 7 + -19
-6
Evaluate -12 - (6 + (-2 - 18) + -13).
15
Evaluate (-2 + -4 - 3) + (-6 - 0) + 1.
-14
1 + -15 - (-14 - (3 - 4))
-1
1 - (-1 + 0) - ((33 - 46) + 6)
9
-7 - -1 - (-2 + 17 + -16)
-5
What is the value of (-7 - (-17 - -4)) + (-30 - (2 + -2))?
-24
Evaluate 5 + -2 - -8 - (17 + 1).
-7
What is -36 - (16 + 4 + -12) - -13?
-31
(-1 - -14) + 284 + -293
4
What is 20 + (-2 - (20 - 7)) + 11?
16
What is 16 + (18 - 8) - 15?
11
What is the value of (-1 - -4) + -2 - (134 + -155)?
22
Evaluate -19 - (-1 - -2) - -36.
16
Evaluate 9 + (23 + -3 + -13 - 37).
-21
Evaluate -743 + 758 + 0 + -17.
-2
What is the value of -16 - (6 + -31 - -15)?
-6
What is the value of -27 - (0 + 7) - (7 - (6 + -3))?
-38
Calculate -8 + (11 - 12) + 18.
9
Evaluate -14 - (-35 - -39 - -10).
-28
What is the value of -22 + 51 + -7 - 36?
-14
What is the value of -32 - (-14 - 6) - 25?
-37
Calculate 15 - (-7 - (13 - 15) - 15).
35
11 + (-1 - -48) + -18
40
What is -6 - (6 - (23 + (1 - 5 - 1)))?
6
Evaluate -4 - -11 - (2 + 0).
5
Evaluate 139 + -149 - (0 - 29).
19
What is the value of 67 + -163 + 83 + 0 + 51?
38
Evaluate 19 + (-50 - (14 - (-5 - -17))).
-33
Calculate -29 + (1 - -7) + -18 + 21.
-18
Calculate (-14 - -16) + -12 + -1 + 6.
-5
What is the value of 4 + -9 + -1 + 2 + 0 + 0?
-4
Calculate (-2 - (-15 - -8)) + -4.
1
Calculate (-684 - -664) + (1 - 0).
-19
Calculate 40 + -35 + -30 - -19.
-6
What is the value of -2 + (5 - (15 + 1)) - (-5 + 1)?
-9
What is the value of 4 + (-26 + 8 - -9) + 22?
17
-7 + -9 + 21 - 12
-7
Calculate 1 + 0 + -2 - (-31 + (-34 - -58)).
6
-16 + (23 - 16 - -15)
6
Evaluate 9 + 2 + 14 + -17.
8
Evaluate -4 + -9 + 17 + 9 + -28.
-15
(1 - -7 - (-35 - -41)) + -6
-4
What is 16 - ((-19 - -69) + 8 + -23)?
-19
Evaluate -27 + 24 - (0 + (2 - 1) + 2).
-6
What is 16 - (8 - -6) - 6?
-4
11 - (-6 - (-20 + -16))
-19
What is 8 + -3 - -5 - (-8 + (6 - -9))?
3
What is -8 - (4 + 2 + (11 - 13))?
-12
What is (3 - -8) + (0 - -4) + -35?
-20
Calculate -5 + (-8 - -10 - 1) - -12.
8
Evaluate 8 + -2 - (6 + (0 - (10 + -4))).
6
(-4 - 14 - -19) + -18
-17
Evaluate 3 + 2 - (-6 + (13 - 6) + 4).
0
What is the value of -8 + 23 - 8 - 2?
5
What is 148 + -164 - (-25 + 4 - 3)?
8
28 + -96 - (3 + -43)
-28
Evaluate 8 + 18 + -12 + -18.
-4
What is the value of (-7 + (10 - 7) - -47) + (-10 - 1)?
32
Calculate (-9 - (-16 + -8)) + -32.
-17
Evaluate (8 - 16 - -18) + 11 - (-1 - -11).
11
(4 - -1) + 12 + (-43 - -33) + -10
-3
Evaluate (-1 + 4 - -2) + -8 - (5 + 2).
-10
What is the value of -11 + -5 + 9 + -12 - (1 - 3)?
-17
What is the value of 3 + (4 - -1 - (-2 - -10 - -3))?
-3
What is (1 - (-5 - 0)) + (-9 - -16) + -2?
11
What is 5 + 1 - (4 - -9 - (6 + 9))?
8
Calculate 15 + 53 + -39 + -40.
-11
What is the value of (-7 - -1) + 153 + -141 + (0 - 1)?
5
Calculate (11 - 1) + (22 + -3 - 45).
-16
Calculate -6 - -3 - (2 + 2 - -8 - 5).
-10
Calculate (1 - 7) + (-15 - -8 - -6) + 3.
-4
What is 8 + -21 + (19 - -2)?
8
Calculate 15 + (-3 - 1 - -12) + -17.
6
What is 258 - 224 - (17 + -1 - 1)?
19
What is the value of (4 - (11 - 1)) + 28 + -9?
13
Calculate 20 - 30 - (-30 + (3 - 4) + -1).
22
-294 + 276 - (1 + -20)
1
What is the value of (-15 - -32) + -13 - -5?
9
Calculate 2 + 1 - 9 - -14.
8
What is 12 - (6 + (-6 - -3)) - (23 - 25)?
11
90 + -100 + -1 + 18 + -12 - 13
-18
6 + -63 + 56 + (-2 - (-2 + 0))
-1
What is -3 + (8 - 15) - -4 - -1?
-5
What is the value of -11 + 2 + 3 + -4 + 1?
-9
What is (0 - 0) + (-82 - -81)?
-1
Calculate -8 + -6 + 17 + -2.
1
What is (18 - 5) + 9 + -15 + -3?
4
Calculate 1 + -10 + 6 + -10 + 16.
3
0 + -24 + 0 + -9 + 9 - 3
-27
What is -1 - -18 - (152 + -146 - (-1 + 1))?
11
Evaluate -21 + 20 - -8 - (6 + 3).
-2
What is 21 + -41 + (5 - -9)?
-6
What is -2 + (10 - 5) - (11 + (1 - 6))?
-3
-1 - ((7 - (-2 - -2)) + -5)
-3
What is the value of -11 + 22 + (8 - (-10 + 30))?
-1
(-8 + 17 + -16 - -27) + -7
13
Evaluate (2 - (1 - 7)) + -10 + -88 + 84.
-6
-7246 - -7242 - (-1 + -25 - 0)
22
What is the value of 1 + (41 + -33 - (13 - 1)) + -7?
-10
(11 - (-5 - -13)) + 8 + -1
10
-22 - (8 + (3 + (-4 - -8) - 17))
-20
What is the value of 1 + ((-2 - (-4 - -1)) + -18 - -4)?
-12
What is the value of 1 + (10 - 7) - (16 - 17)?
5
Calculate 9 + -6 + -8 + (-23 - -12).
-16
Calculate -17 - (-5 - (0 + -5) - 7 - -16).
-26
Evaluate -26 - (-4 + 4 + -31).
5
Evaluate (-4 - 3) + (17 - 19) + 8.
-1
What is the value of 82 + -76 - (-3 + (3 - -3))?
3
What is -18 - (-5 + (1 - 3) + 7 + 0)?
-18
Evaluate (35 - 29) + (0 + 6 - (55 + -50)).
7
Evaluate -3 - (-14 - (-39 + 19)).
-9
Evaluate 1 + -25 - ((23 - 8) + -26).
-13
-37 + 25 + 19 - (-3 - (13 - 1))
22
Evaluate (-5 - 2 - -4) + (-7 - -6).
-4
What is -60 + (-38 - -19) + 39 + 5?
-35
Calculate 12 + -23 + -3 + 22 - (1 - 2).
9
Calculate (-38 + 49 - (-1 - -24)) + 10.
-2
What is the value of 10 - (2 - 5) - (76 - 65)?
2
Evaluate (-12 - -2) + 45 + -35.
0
What is 1 - -1 - (-1 - (-12 + 10 + -6))?
-5
What is the value of (-28 - -42 - -28) + -29?
13
What is 3 - (4 - (-15 - -7))?
-9
What is 13 - 5 - 9 - (5 + 5)?
-11
Evaluate -1 - -20 - (11 - (43 + -84)).
-33
What is the value of -7 - (2 + (0 - 2)) - (685 - 672)?
-20
What is the value of -14 + 16 + 6 - 12 - -3?
-1
What is 677 + -653 + (-4 - -1 - 1)?
20
What is the value of -22 + -16 + (11 - 4) + 5?
-26
Evaluate (-7 - (-1 - -1)) + -102 + -62 + 155.
-16
(4 - -3) + (35 - 38)
4
What is the value of -26 + 22 + -3 + (-2 - -12) + 3?
6
Evaluate 59 - 27 - (14 - -13).
5
Calculate -7 - (-8 + 15 - (2 - -1)).
-11
What is the value of 0 + 1 + 22 + -1?
22
What is the value of -13 + 17 + (1 - 0)?
5
-32 - -61 - 22 - (0 - -18)
-11
(-1 + -14 - -13) + 14
12
Calculate 14 + -2 + (11 - 21 - -16).
18
What is the value of -1 + -17 - (40 - 30 - 21)?
-7
-21 + 10 + -62 + 64
-9
Calculate -15 + 1 + 36 + -21.
1
What is the value of (30 - 2) + (5 - (18 - 12) - -2)?
29
What is -144 + 146 + 11 + 0?
13
-29 + (18 + 9 - 16)
-18
Evaluate -33 - ((-8 - -19 - 10 - 1) + 2).
-35
What is the value of 5 - ((-7 - -2) + 6) - 15?
-11
What is the value of (17 - 0) + -3 + (9 - 12)?
11
What is the value of 0 + 5 + (25 - 29) + (-2 - -1)?
0
What is 0 - (-26 - 3) - 5?
24
What is the value of 1 - -2 - -17 - (1 + 2)?
17
Calculate -14 - -16 - (-2 - 1 - -12).
-7
What is -29 - (17 - 3 - 54)?
11
0 + -9 + (1 - -8) + -8
-8
4 - (17 + -9) - (9 - (4 + -6))
-15
Evaluate (15 - 0 - 40) + 13.
-12
Evaluate 11 + -26 + (50 - 33).
2
Calculate -18 + 0 + (-2 - -13).
-7
What is 61 - ((44 - -21) + -28)?
24
Calculate -3 + -7 + 25 + -11.
4
What is the value of (-5 - (-16 - (-4 - 2))) + 5 + -1?
9
Evaluate (0 - (8 - 3 - 14)) + -15.
-6
What is -20 + (2 - 6) + 7 + 4?
-13
-15 - (-2 + 40) - -17
-36
Calculate 32 + -60 + (9 - -3).
-16
Calculate (-2 + 12 - 3) + 4 + -13.
-2
(2 - (2 + 20)) + -1 + 582 + -572
-11
What is the value of (17 - 47) + 13 + 9?
-8
What is 70 + -59 + 6 + -13?
4
What is -8 + (17 + -16 - (-2 + -3))?
-2
What is -15 + 14 + -1 + 12?
10
Evaluate 16 - (15 - 38) - 42.
-3
8 + (13 - -7) + -5
23
What is the value of